+ -8?
12881
In base 5, what is -341123 - -3?
-341120
In base 7, what is -12 - -24624?
24612
In base 16, what is -5f02 + -5?
-5f07
In base 7, what is 351140 - -31?
351201
In base 5, what is -1 + 120131?
120130
In base 15, what is 984 + -140?
844
In base 4, what is 10 + -103030022?
-103030012
In base 7, what is 2531 - 106?
2422
In base 3, what is -200101 + -220012?
-1120120
In base 5, what is 10110 + 424?
11034
In base 8, what is 16 - 1303?
-1265
In base 14, what is 38 + 4047?
4081
In base 10, what is -17 - 6909?
-6926
In base 16, what is 1 + -307f?
-307e
In base 5, what is -223210 + 2?
-223203
In base 5, what is 1033441 + 111?
1034102
In base 10, what is -3785 + 18?
-3767
In base 15, what is 5c - 14745?
-146d8
In base 7, what is -2 - 1103423?
-1103425
In base 16, what is -5b1 - -1bc?
-3f5
In base 5, what is -23302 - -332?
-22420
In base 7, what is -424 + -111?
-535
In base 6, what is -20334 + 3032?
-13302
In base 7, what is -626 + 265?
-331
In base 4, what is 21222 - -1?
21223
In base 16, what is -c6784 + 3?
-c6781
In base 7, what is 6 - -161601?
161610
In base 13, what is 59 - -a?
66
In base 4, what is 322101 - -121?
322222
In base 12, what is 236 - 3a9?
-173
In base 5, what is -10221200 + 10?
-10221140
In base 6, what is -10 + 11144345?
11144335
In base 10, what is 470 - -1970?
2440
In base 12, what is 10b1a92 - 3?
10b1a8b
In base 13, what is -469 - 12?
-47b
In base 14, what is -3d - 360d?
-364c
In base 12, what is -320b2 + 1?
-320b1
In base 15, what is 3 - 218a3?
-218a0
In base 4, what is -100 - -2210113?
2210013
In base 11, what is -59525a - 4?
-595263
In base 7, what is -1166 + -2?
-1201
In base 16, what is 571f - -3?
5722
In base 7, what is 16404 - -15?
16422
In base 12, what is 112 + 27?
139
In base 7, what is -102 - -3144?
3042
In base 7, what is 6143 + -2225?
3615
In base 9, what is -1 + 453140?
453138
In base 7, what is -13456 + -54?
-13543
In base 8, what is -1725751 + -6?
-1725757
In base 11, what is 803 + 642?
1345
In base 9, what is 18 + -3507?
-3478
In base 4, what is -202301 - -122?
-202113
In base 12, what is -7b8 + -b?
-807
In base 11, what is 3a - -20a65?
20aa4
In base 6, what is 45 - 41232?
-41143
In base 16, what is -13 + 2a4?
291
In base 6, what is -5201145 - 2?
-5201151
In base 13, what is 19 + -21b17?
-21acb
In base 15, what is -62ca - 38?
-6313
In base 5, what is 2211333 - -2?
2211340
In base 14, what is -aa612 + -1?
-aa613
In base 5, what is -10 + 3341312?
3341302
In base 13, what is -5 + 159219?
159214
In base 16, what is -ab6 - 1?
-ab7
In base 2, what is -1000000100 + -1110110?
-1001111010
In base 10, what is 1064 + -161?
903
In base 3, what is 111 + 112021211?
112022022
In base 6, what is -334 + 2440?
2102
In base 10, what is -65 + -62929?
-62994
In base 12, what is -a85 + b?
-a76
In base 6, what is 3413 + 12442?
20255
In base 8, what is -5 + -35172?
-35177
In base 5, what is -131431 + 143?
-131233
In base 3, what is -21222212 - -120?
-21222022
In base 7, what is -145 - -136?
-6
In base 14, what is -1da - -24b?
51
In base 8, what is 2441352 - 1?
2441351
In base 7, what is 4460212 + 3?
4460215
In base 14, what is -db + 17?
-c4
In base 7, what is 12 - -12015?
12030
In base 4, what is 10110 + 210220?
220330
In base 4, what is -21123 + -1031202?
-1112331
In base 4, what is -230033333 + 32?
-230033301
In base 3, what is -10 + -12100?
-12110
In base 11, what is -15 + 1742?
1728
In base 8, what is -1 + -247462?
-247463
In base 8, what is 1670175 + 2?
1670177
In base 9, what is 23 + 77233?
77256
In base 6, what is -2311 + -12321?
-15032
In base 10, what is 4 - -18948?
18952
In base 16, what is 4a + 4d?
97
In base 11, what is 4 - -2a43?
2a47
In base 4, what is -1330 + -1332123?
-2000113
In base 11, what is 117 - -404?
520
In base 14, what is 27 + -3255?
-322c
In base 11, what is 85 + 3586?
3660
In base 9, what is -26 + -787?
-824
In base 5, what is -2232 - -4?
-2223
In base 7, what is 463222 + -13?
463206
In base 4, what is -10131123 - -3?
-10131120
In base 13, what is 35a - 52a?
-1a0
In base 4, what is -1132222022 + 2?
-1132222020
In base 12, what is 26a0 + -5?
2697
In base 13, what is -87a5 + -1?
-87a6
In base 8, what is 1437 + -1?
1436
In base 6, what is -25154 - -145?
-25005
In base 5, what is 302 + -201?
101
In base 3, what is -2210220 - -20?
-2210200
In base 2, what is -1000010010000000010 + -101?
-1000010010000000111
In base 9, what is 7 - -1116048?
1116056
In base 10, what is -4 + -665405?
-665409
In base 9, what is -111388 - 17?
-111416
In base 12, what is -35a + -2a?
-388
In base 14, what is 6bc6 + 1?
6bc7
In base 4, what is 12323122210 + 11?
12323122221
In base 3, what is -12 + 1212221200?
1212221111
In base 13, what is 169 + 36?
1a2
In base 15, what is -a6e99 + 4?
-a6e95
In base 3, what is -1010 - -21210100?
21202020
In base 11, what is -2 - 3911?
-3913
In base 3, what is 1112021210 - 10010?
1112011200
In base 3, what is 110 + 212202120?
212210000
In base 5, what is -133343413 - -20?
-133343343
In base 13, what is 0 - -1a74?
1a74
In base 13, what is 307 - 5a9?
-2a2
In base 11, what is 170 - -a35?
10a5
In base 4, what is 10 + 120200123?
120200133
In base 14, what is -3d + -cb?
-12a
In base 12, what is -2a0 - 28?
-308
In base 7, what is -3 - -1366101?
1366065
In base 8, what is 15050 + 24?
15074
In base 16, what is 36 + -31d?
-2e7
In base 4, what is 1010020 + 10?
1010030
In base 5, what is 11414 - -4433?
21402
In base 6, what is -4 + 33443323?
33443315
In base 14, what is 8491c + -4?
84918
In base 10, what is 1150 + 4923?
6073
In base 5, what is -100032232 - -3?
-100032224
In base 8, what is 5 - 44117?
-44112
In base 3, what is -20121021 + -12?
-20121110
In base 4, what is 20131303 + -1?
20131302
In base 13, what is -c - -4008?
3cc9
In base 13, what is 3cc7b + -b?
3cc70
In base 10, what is 49274 + -4?
49270
In base 14, what is c3 - -b?
d0
In base 5, what is 1334241 + -234?
1334002
In base 13, what is -2 - 3a32?
-3a34
In base 15, what is 13 - -90c6?
90d9
In base 11, what is -225 + 177?
-59
In base 15, what is -10 - -a65?
a55
In base 4, what is -1 - 33202122?
-33202123
In base 10, what is -4 - 30215?
-30219
In base 3, what is -2 + 1100020221?
1100020212
In base 15, what is -26 - -6cdc?
6cb6
In base 7, what is -23 + -6131?
-6154
In base 8, what is 101212 - -3?
101215
In base 4, what is -10 - -3001122?
3001112
In base 5, what is 240132 - -4?
240141
In base 10, what is -56665 - 3?
-56668
In base 2, what is 10000000011 - 1100100?
1110011111
In base 2, what is 10110111100000000 - 100?
10110111011111100
In base 9, what is 30402 - 10?
30382
In base 10, what is -324 - 22?
-346
In base 3, what is -1 + 111200201?
111200200
In base 2, what is 111001 - -1001001101111?
1001010101000
In base 10, what is -144716 + 5?
-144711
In base 16, what is -5 + -b867a?
-b867f
In base 10, what is -9 - 10338?
-10347
In base 14, what is -151c5 + 7?
-151bc
In base 14, what is 4 + -2a14?
-2a10
In base 11, what is 66 - -776?
831
In base 10, what is -447 - 523?
-970
In base 13, what is -4b5 + -30?
-515
In base 7, what is 2443366 - -1?
2443400
In base 4, what is -1 + 121210110?
121210103
In base 4, what is 11331001 - 2?
11330333
In base 12, what is 535 + 3?
538
In base 10, what is -4 - -10653?
10649
In base 14, what is 10c + 177?
285
In base 4, what is 11030220 + 23?
11030303
In base 7, what is 216555 + 45?
216633
In base 5, what is 1102 - 2003?
-401
In base 9, what is -158 - -17388?
17230
In base 8, what is -134 + -3325?
-3461
In base 14, what is 959d4 - 4?
959d0
In base 15, what is 7b - 3c?
3e
In base 2, what is 10001100101111 - -110?
10001100110101
In base 13, what is 781 + -533?
24b
In base 6, what is -3 + -230410?
-230413
In base 8, what is -445626 + -6?
-445634
In base 16, what is 8 + 90a3d?
90a45
In base 15, what is -1 + 1742?
1741
In base 7, what is -625 - 5024?
-5652
In base 13, what is -36534 - 13?
-36547
In base 5, what is 21334 - -33?
21422
In base 2, what is 11 + -11111111110100110?
-11111111110100011
In base 6, what is 32 + 3153?
3225
In base 4, what is 313302 - -30?
313332
In base 16, what is 66448 - 4?
66444
In base 14, what is -381b8 - 3?
-381bb
In base 9, what is 142322 + -7?
142314
In base 10, what is 15551 - 67?
15484
In base 4, what is -1 + 10333300?
10333233
In base 12, what is -3 - -771?
76a
In base 11, what is -21a15 + 9?
